 -3*g = 2*k - 54, k - 2*g - 30 = 11. Suppose -49 = -4*j - k. Suppose -j*q - q + 160 = 0. What is the units digit of q?
2
Let g(t) be the third derivative of -3/2*t**3 + 1/120*t**6 + 0 - 1/8*t**4 + 0*t - 3*t**2 + 1/10*t**5. What is the units digit of g(-6)?
9
Let u(c) = c**2 + 12*c + 2. Let p = 18 - 4. Suppose 2*d + h + p = -h, 3*d = -2*h - 26. What is the units digit of u(d)?
2
Let d be 135/(-2*(-3)/6). Suppose 0 = 5*g - 2*p - 590 - 99, p - d = -g. What is the units digit of g?
7
Suppose i + 792 = 4*a, -5*a + 4*i - 459 = -1449. Suppose -87*s + 84*s = -a. What is the units digit of s?
6
Suppose 0 = -6*k + 5*k + 2*z + 594, -4*z = 0. What is the tens digit of k?
9
Suppose -6 = o - 3*o. Suppose -4 + 31 = o*x. Suppose -13*u = -x*u - 12. What is the units digit of u?
3
Let b = -1125 - -1628. Suppose -7*v = -b - 456. What is the hundreds digit of v?
1
Suppose -2*t - 371 + 563 = 0. What is the units digit of t?
6
Let q(l) = -11*l + 7. Let h be q(-3). Let y = h + -8. What is the units digit of y?
2
Suppose -4*a = -5*x + 2511, -x + 0*a + 498 = -5*a. What is the tens digit of x?
0
Suppose -85*o = -94*o + 12708. What is the units digit of o?
2
Let j be 56/16*24/14. Suppose 0 = -4*f + 3*d + 41, d = -3*f - j + 27. What is the tens digit of (f/(-20))/(2/(-280))?
5
Let p(y) = 105*y**2 - 7*y + 26. What is the hundreds digit of p(5)?
6
Let q(i) = -i**3 - i**2 + i + 15. Let m be q(0). Let b be 2/(-11) + (844/44 - -5). Let j = b - m. What is the units digit of j?
9
Suppose -4*a - 15 = -9*a. Suppose 5*c = 3*w - 74, -a*w + 0*c + 124 = 5*c. Let q = -19 + w. What is the tens digit of q?
1
Suppose -2*m - 2*p + 2852 = 0, 2*m - 3*p - 3771 = -914. What is the thousands digit of m?
1
Suppose 2*t + t - 4*u = 28, 4 = -t - 2*u. Let a be 169/2 + 2/t. Suppose 5*i - a = -5*y, -y + i = -3*y + 33. What is the tens digit of y?
1
Let h = 4 + -13. Let l be (-9)/(-4) - h/12. Suppose 12 = -3*k, l*r + r + 5*k - 124 = 0. What is the tens digit of r?
3
Let s = 307 - 21. What is the hundreds digit of s?
2
Suppose 3*y = -3*y + 3762. Suppose 0 = -5*j + y + 153. Suppose 3*s + 3*m - 156 = 0, 3*s - j = -4*m - m. What is the units digit of s?
2
Let v = -126 + 356. Let f = v - 26. What is the tens digit of f?
0
Suppose 116*i - 2*d - 9484 = 112*i, 4*i + 3*d = 9494. What is the thousands digit of i?
2
Suppose j = -4*a - 3, -5 = -3*a - 11. What is the tens digit of j + 2/(8/(-12)) - -76?
7
Let r(z) = -z**3 + 47*z**2 - 69*z - 66. What is the tens digit of r(45)?
7
Let c(o) = -o**2 + 12*o - 8. Let n be c(11). Suppose 4*z - 5 = n*z. What is the units digit of z?
5
Let i = -18 + 23. Suppose -j - i*u = 3*j - 57, 0 = -j - 3*u + 9. What is the units digit of j?
8
Let o = 6190 + -450. What is the units digit of o?
0
Let v = 279 - 60. Suppose -3*r = 27 - v. What is the units digit of r?
4
Suppose -16*o = -4*o - 3792. Let z = o - 110. What is the hundreds digit of z?
2
Suppose 97*q - 93*q = 3516. What is the units digit of q?
9
Suppose -447 = -4*o - 67. Let d be (-15 - -2)*(-8 - -3). Let c = o - d. What is the units digit of c?
0
Let t be 2/22 + (-352)/(-121). What is the hundreds digit of (15/t + -3)*85?
1
Let i = -578 + 700. What is the tens digit of i?
2
Suppose 0 = 56*c - 39*c - 24837. What is the units digit of c?
1
Let b(c) = c**3 - 3*c**2 - 4*c + 2. Let x be b(4). What is the units digit of (-584)/4*(-1)/x?
3
Suppose h = 350 - 22. What is the hundreds digit of h?
3
Suppose -2*r = -k + 5*k - 1970, -20 = -4*k. Suppose 425 + r = 5*x. What is the units digit of x?
0
Let t(o) = 6*o**2 + 3*o - 5. Let g = 18 - 15. What is the units digit of t(g)?
8
Suppose -7*p = -6*p - 30. Let f = p - -44. Suppose 198 = 5*i - 4*v, 0 = 2*i + v - f - 13. What is the units digit of i?
2
Suppose 5*q = -5*n + 1255, -89*q + 88*q + 1010 = 4*n. What is the units digit of n?
3
Let a = 37 - 45. What is the tens digit of (7*-14 - (a + 7))/(-1)?
9
Let k(n) = -110*n - 124. What is the units digit of k(-9)?
6
Let q(f) = -f**2 + 9*f + 9. Let d be (4/(-8))/(2/(-20)). Suppose 0 = 4*x - d*v - 21, 5*v + 18 = 3*x + 2*v. What is the units digit of q(x)?
9
Suppose -3*q = 3*b - 237, 0*b - 5*b + q = -419. What is the units digit of b?
3
Suppose -3 = -2*o + o. Let n be (4/o)/(12/18). Suppose 0 = n*s + j - 63 + 1, -5*s - 3*j + 157 = 0. What is the units digit of s?
9
Let c(r) = r**3 - 49*r**2 - 36*r + 226. What is the units digit of c(51)?
2
Let x = 893 - -455. What is the tens digit of x?
4
Suppose -4*p = -3*q + 258, -5*q + 361 = -p - 86. Let f = q - 42. What is the tens digit of f?
4
Let i = -18 + 20. Let v(x) = 5 + 8 + 2*x**i - 10 + 12*x + 10. What is the tens digit of v(-7)?
2
Let m be (-7 - -3) + 3 - (-1 + -92). Suppose -m - 35 = -2*k - 3*x, k - 4*x = 36. What is the units digit of k?
6
Let t(o) = -o. Let b(y) = -66*y**3 + y**2. Let x(z) = b(z) - t(z). What is the tens digit of x(-1)?
6
Let a = -632 + 1249. What is the units digit of a?
7
Suppose 4*l + d - 614 = 0, -l - 67 + 212 = -4*d. Suppose -3*c + l = 33. What is the units digit of c?
0
Let x(h) = h**3 + 5*h**2 - 7*h - 7. Let l be x(-7). Let v = 12 - l. What is the tens digit of v?
6
Suppose -14*b + 5*b + 4707 = 0. What is the tens digit of b?
2
Let x be (5/3)/(-5)*-18. Suppose 4*h - h = -x. What is the units digit of (h/(-4))/(4/8)?
1
Let a(w) = -43*w**3 + 3*w**2 - 26*w - 83. What is the units digit of a(-3)?
3
Suppose -j + 4*p + 673 + 142 = 0, -3*j - 4*p = -2381. Suppose j = 4*u - f, 4*u + 2*f - 819 = -f. What is the tens digit of u?
0
Let r(b) = 32*b + 169. What is the tens digit of r(24)?
3
Suppose -u + 5*d = -6*u + 225, -4*d - 16 = 0. Let f = 289 - 215. Let c = f - u. What is the units digit of c?
5
Let f(t) = 3217*t - 82. What is the units digit of f(1)?
5
Suppose 7*j = 2*j + 30. Suppose j*p = 107 + 121. What is the tens digit of p?
3
Let n = 4093 - 2753. What is the thousands digit of n?
1
Suppose 5*h - 151 = 89. Let i = h + -26. What is the units digit of i?
2
Let s(t) = t**2 - 4*t + 3. Let h be s(4). Let r = h - -1. Suppose 5*b - r*v = 190, 3*b - 8*v = -4*v + 122. What is the tens digit of b?
3
Let k(n) = 4*n + 3 - 4*n**2 + 3*n - 11 - n**3. Let p = 0 + -6. What is the units digit of k(p)?
2
Suppose 7*n - 1919 - 209 = 0. What is the units digit of n?
4
Let g(j) = 23 - j + 13 - 14. What is the tens digit of g(7)?
1
Suppose 30*y - 123573 = -21*y. What is the tens digit of y?
2
Suppose 2*z = -6 + 16. Let g(i) = i**3 - 5*i**2 + 8*i + 7. What is the tens digit of g(z)?
4
Let c(t) = t**2 - 4*t + 9. Let h be c(2). Suppose -675 = -h*m - 0*m. What is the tens digit of m?
3
Suppose 0*n + 4*u = -2*n + 884, -2*n + 5*u = -929. What is the tens digit of n?
5
Suppose 3*l = -2*r - 1000, 2*r = -13 + 3. Let a = 499 + l. Suppose 5*d = a - 59. What is the tens digit of d?
2
Let r(v) = -2*v**3 - 7*v**2 - 4*v + 2. Let x be r(-4). Let y = x + -27. What is the units digit of y?
7
Suppose 4*i + 115 = -33. Let c = i - -90. What is the units digit of c?
3
Let s(p) = p**3 + 13*p**2 + 9*p + 15. What is the tens digit of s(5)?
1
Let o(t) = 3*t**3 + 46*t**2 + 21*t. What is the tens digit of o(-14)?
9
Let k be 5835/12 + (-6)/(-8). Suppose k = -8*i + 1335. What is the units digit of i?
6
What is the units digit of 6/9 + 2240/15?
0
Let t be 2 - -43 - 3/3. Suppose -4*x - 4*p + t = 0, -2*p + 9 = p. Suppose -x*y + 13 = -7*y. What is the tens digit of y?
1
Suppose -5*x = -4*x. Let t(v) = -v**3 + 2*v**2 - v - 77. Let w(i) = i**2 + 1. Let n(k) = -t(k) + 3*w(k). What is the units digit of n(x)?
0
Suppose 116*z - 95*z = 100212. What is the tens digit of z?
7
Let t(b) = 2*b**2 + 28*b + 10. Let u be t(-14). Let k = u - -43. What is the units digit of k?
3
Let n = -60 + 112. Suppose -3 - n = -5*i. Suppose 0 = -l + 31 + i. What is the units digit of l?
2
What is the tens digit of (136/(-6))/((-7)/105)?
4
Suppose -4*t + 4*d = d - 26, -5*t + 2*d = -29. Suppose 2*r + r - 136 = t*x, -3*x + 204 = 5*r. What is the units digit of r?
2
Suppose 5*z = 2*k + 1347 - 259, 2 = 2*k. What is the tens digit of z?
1
Let y(u) = -u**3 + 17*u**2 - 17*u + 16. Let h be y(16). Suppose h*t + n + 160 = 5*t, -t = n - 26. What is the tens digit of t?
3
What is the thousands digit of (-1)/(2/(-2148)) + 6?
1
What is the tens digit of 31535/106 + (-2)/4?
9
Let t = 8 + -3. Suppose t*y - 51 = -11. Let i(h) = h + 1. What is the units digit of i(y)?
9
Let w